+ -28. Let t(w) = -w**3 - 5*w**2 + 27. Let p be t(-7). Let a = p - 111. Calculate the highest common divisor of a and s.
2
Suppose -5*n = 3*n - 7344 - 16336. Calculate the greatest common factor of 222 and n.
74
Suppose 5*m = 5*l - 2470, -4*l + 3*m = -0*l - 1968. Suppose j = 10 + 44. What is the greatest common factor of l and j?
54
Suppose 6*z + 92 + 1168 = 0. Let i = -186 - z. Let f = -16 - -52. Calculate the greatest common factor of i and f.
12
Let y(b) = 2*b**2 + 72*b + 229. Let a be y(-34). What is the highest common divisor of 341 and a?
31
Let r(a) be the first derivative of a**4/4 + 7*a**3/3 + 3*a**2/2 + 21*a + 272. Let b be r(-6). Calculate the greatest common factor of b and 741.
39
Let c be ((-8)/2 + 84/15)*(-540)/(-72). What is the highest common factor of 1536 and c?
12
Suppose -217 - 23 = -5*l. Suppose 7 = 3*g - 47. What is the greatest common divisor of g and l?
6
Let x = 22039 - 20804. Calculate the greatest common divisor of x and 171.
19
Suppose 0 = t + 4*c - 16, 2*t = -t + 4*c - 32. Let k be -4*-3*t/(-24). Suppose k*g - 121 = 5*l, -4*l + 4 = 24. What is the highest common divisor of g and 6?
6
Suppose -26*a + 1329 = -309. What is the greatest common factor of 336 and a?
21
Let t = 3698 + -3607. Let w = 8 + -1. Calculate the greatest common divisor of t and w.
7
Let i be 1/(-2)*(-18 - (17 - 15)). What is the greatest common factor of i and 5?
5
Suppose 5*h = -c - 16 + 281, -h - 2*c = -44. Suppose -3*f = -6*f + 54. Suppose 4*l - f = 6. What is the greatest common divisor of h and l?
6
Let h = 13752 + -13017. Calculate the greatest common factor of 1176 and h.
147
Suppose -3143 = -46*l + 26757. What is the highest common factor of l and 75?
25
Let a(r) = -2*r**3 + 64*r**2 + 258*r + 118. Let m be a(35). What is the highest common divisor of 465 and m?
31
Let s be (3 - (-5)/(-2))*58. Let y = 3 - -6. Suppose 0 = -y*h + 2*h + 2233. What is the highest common factor of s and h?
29
Suppose 34 = 4*r + 22. Suppose 26*p - r*p = 3220. What is the highest common divisor of 224 and p?
28
Let z(u) = u**2 + 18*u. Let c = -69 + 50. Let w be z(c). Let j = 39 - w. What is the greatest common divisor of j and 8?
4
Suppose 2358 + 1416 = 111*b. Suppose 3*u - 5*r = 2*u + 59, 0 = -2*u - 4*r + 48. What is the highest common factor of b and u?
34
Let u = 155 - 155. Suppose u = 23*o - 107 - 767. Calculate the highest common factor of 95 and o.
19
Let j(l) = -l**2 - 11*l - 20. Let q be j(-6). Let y be (-1 + 2)*(13 - q). Suppose -y*a = -115 - 317. Calculate the highest common divisor of a and 18.
18
Suppose 8*z - 2*u + 24 = 13*z, 0 = 3*z + 4*u - 6. Suppose f - 22 = q, 0 = -f - 3*q + z - 4. What is the greatest common factor of f and 1343?
17
Let h(v) = v**3 + 6*v + 2 - 5*v + v**2 - 3. Let i be h(1). Let o = -1196 - -1212. What is the highest common factor of o and i?
2
Let j = 93 + -101. Let t(i) = i**3 + 9*i**2 + 7*i + 1. Let d be t(j). Suppose z + 9 = 2*z - s, z - d = 5*s. Calculate the greatest common divisor of 99 and z.
9
Let i be (299 - 12/(-6))/7. What is the highest common factor of i and 2752?
43
Suppose m = -o + 12, 0*o + 2*o - 2*m - 24 = 0. Suppose -23*x + 25*x - o = 0. Calculate the highest common divisor of x and 108.
6
Let k(s) = -2*s**3 + 22*s**2 - 9*s + 104. Let w be k(11). What is the greatest common divisor of 4040 and w?
5
Let v be -2 + ((-1)/2 - (-162)/(-36)). Let q be 35/v + 157*(2 - 1). Calculate the highest common divisor of 57 and q.
19
Let l be (114 - -12)/(1/5). What is the greatest common factor of 7 and l?
7
Let m = -22087 - -39105. Calculate the greatest common factor of 508 and m.
254
Suppose 4*b - 30 = -4*z - 2, 0 = b - 4. Suppose -5*p + 4*p = 5*d - 193, z*d - p = 119. Calculate the highest common divisor of 13 and d.
13
Let t be 6526 - (-11 + 7)*2. Calculate the greatest common divisor of t and 108.
54
Let y = -8016 + 8120. Calculate the highest common factor of y and 689.
13
Let d be 5/(-3) + 3 - (-2576)/552. Let y(g) = 8*g**2 - 5*g + 2. Let v be y(-4). Calculate the greatest common divisor of v and d.
6
Let r(o) = -o + 189. Suppose 10 = -5*y + 30. Suppose -1 - 2 = -2*l - 3*b, 0 = -y*l + 2*b - 2. Let d be r(l). What is the greatest common divisor of d and 21?
21
Let k(p) = -6*p**2 - 71*p + 5. Let m be k(-3). Calculate the highest common factor of 4346 and m.
82
Suppose -254*w - 3*m - 4 = -252*w, -3*m - 6 = 0. Calculate the greatest common divisor of 236 and w.
1
Suppose -37*u - 14697 + 16917 = 0. Let h = 192 + -87. Calculate the highest common divisor of h and u.
15
Let w be (-34)/(-102)*(5 + -1 + -1). Let x be w/3 - (-1310)/30. Calculate the highest common divisor of x and 110.
22
Let n(o) = 186 + 4*o + 2*o - 9*o - 6*o. Let b be n(18). What is the greatest common factor of 132 and b?
12
Let o be 10/3*18/4. Let g(q) be the third derivative of -4*q**4/3 - 73*q**3/2 - q**2 - 19. Let i be g(-7). Calculate the greatest common factor of o and i.
5
Let v(d) be the first derivative of -3*d**2 + 2*d - 41. Let n be v(4). Let q = 134 + n. What is the greatest common factor of q and 16?
16
Let d be 62/4 - (30/12 - 2). Suppose -d*m + 5*m + 20 = 0. Suppose -2*x + 7*x + 14 = m*a, -3*a + 3*x = -12. What is the greatest common factor of 2 and a?
2
Let y(a) = 17*a + 3. Let j be y(13). Calculate the greatest common divisor of 203 and j.
7
Suppose 3*p + 16 = 2*v, 5*p = v + 3*v - 36. Let a = -188 - -50. Let x = a - -264. What is the highest common factor of x and v?
14
Let x(a) = 36*a + 974. Let z be x(-27). Let c = -5 + 8. Suppose -j = z*s + 2*s - 21, c*j - 23 = -4*s. Calculate the highest common divisor of 11 and j.
1
Suppose 0 = -5*v + 18 - 33. Let w be v + -2 + 4 + 5. Suppose -w*b - r + 453 = 0, 0*b + r + 555 = 5*b. Calculate the greatest common divisor of b and 14.
14
Let n(b) = -6*b**2 + 82*b - 13. Let x be n(2). Calculate the highest common factor of x and 8.
1
Suppose -5*q = -d - 21 - 0, 0 = -4*d + 16. Suppose -14*s = -q*s - 315. Calculate the greatest common divisor of 385 and s.
35
Suppose -3*j + 4505 + 176 - 721 = 4*i, i = 0. Calculate the greatest common factor of j and 80.
40
Suppose -2*i + 5 = -13. Suppose 0 = -3*c - i + 3. Let r be (23 - c) + 4 + -6. What is the highest common divisor of 23 and r?
23
Let g be 5/10*22 - (16 + -11). What is the highest common factor of g and 8952?
6
Let d = -8123 + 12151. Calculate the highest common factor of d and 228.
76
Let b be ((-4512)/(-9) - 1) + 131/(-393). What is the greatest common factor of b and 375?
125
Suppose 0 = 2*x + 3*t - 3, 0 = 7*x - 6*x + 5*t + 2. Let r(n) = -x*n + 16*n - 6 - 9*n. Let f be r(9). Calculate the greatest common factor of 6 and f.
6
Let r(n) = -n**2 + 15*n - 46. Let t be r(5). Let l be (-22939)/(-28) - (3 - 2)/t. What is the highest common factor of l and 7?
7
Let u(h) be the first derivative of 4*h**3/3 - 5*h**2 + 3*h - 68. Let a be u(6). What is the highest common factor of a and 58?
29
Let x be (-4)/10 + (-52)/(-5). Let u be ((-24)/(-10))/(68/170). Suppose -3*i = -3*r - u, 2*i + 3*i - 16 = 2*r. What is the highest common factor of i and x?
2
Let x(v) = -116*v**3 + 3*v**2 - 3*v - 5. Let k be x(-1). What is the highest common divisor of 567 and k?
9
Let w(q) = -14*q - 6*q + 2*q**2 - 4*q + 11 + 58. Let d be w(13). What is the highest common divisor of d and 19?
19
Let n(d) = 57*d + 728. Let b be n(-11). Calculate the highest common factor of b and 808.
101
Suppose -1 = -c + 25. Suppose q - c = -17. Let k = 103 + q. Calculate the greatest common divisor of 14 and k.
14
Let j(z) = -7*z**2 - 1. Let y be j(1). Let x be y*(15/(-6) + 1). Let p be (36/8*-9)/((-2)/x). What is the greatest common factor of p and 27?
27
Let u be (-75)/2*(-252)/70. What is the highest common divisor of u and 297?
27
Let f = 1548 + -1546. Let z(w) = -3*w - 1. Suppose -4*v - v = -2*o - 14, -2*o - v - 2 = 0. Let q be z(o). Calculate the highest common factor of q and f.
1
Let s be (8 + -5)*(-1)/(3/(-2)). Let r be (1 + s + -2)/(2/(-118)). Let d = 73 + r. Calculate the greatest common factor of d and 14.
14
Suppose -24 - 64 = -4*d. Let p(b) = 35*b - 249. Let z be p(9). Suppose -z*r + 797 = 71. What is the greatest common factor of d and r?
11
Let d be 59/(-708) + (-85)/(-12) + (-1 - -8). Calculate the greatest common divisor of 8057 and d.
7
Suppose 3*q + k = 48, 2*k + 48 = 2*q + 8. Suppo